{"id":144,"date":"2023-04-04T17:04:05","date_gmt":"2023-04-04T15:04:05","guid":{"rendered":"https:\/\/grisby.news\/?page_id=144"},"modified":"2023-04-05T10:15:53","modified_gmt":"2023-04-05T08:15:53","slug":"grisby-mag-43","status":"publish","type":"page","link":"https:\/\/grisby.news\/index.php\/grisby-mag\/grisby-mag-2022\/grisby-mag-43\/","title":{"rendered":"Grisby Mag #43"},"content":{"rendered":"<h2 style=\"text-align: center;\">BASTIAN BOUTOLLEAU &#8211; LA FIRME LYON<\/h2>\n<figure id=\"attachment_133\" aria-describedby=\"caption-attachment-133\" style=\"width: 340px\" class=\"wp-caption aligncenter\"><a href=\"https:\/\/grisby.news\/wp-content\/uploads\/2023\/04\/43-GRISBY-Mag-Bastian-Boutolleau-BeBep-Lyon-La-Firme-Reseau-Affaires-Business-Toulouse-Juin22.pdf\" target=\"_blank\" rel=\"noopener noreferrer\"><img loading=\"lazy\" class=\"wp-image-133\" src=\"https:\/\/grisby.news\/wp-content\/uploads\/2023\/04\/43-Grisby-Mag-Bastian-Boutolleau-BeBep-La-Firme-Reseau-Affaires-Business-Toulouse-680x970px.jpg\" alt=\"Grisby Mag 43 Magazine Business La Firme R\u00e9seau Affaires Toulouse\" width=\"340\" height=\"485\" srcset=\"https:\/\/grisby.news\/wp-content\/uploads\/2023\/04\/43-Grisby-Mag-Bastian-Boutolleau-BeBep-La-Firme-Reseau-Affaires-Business-Toulouse-680x970px.jpg 680w, https:\/\/grisby.news\/wp-content\/uploads\/2023\/04\/43-Grisby-Mag-Bastian-Boutolleau-BeBep-La-Firme-Reseau-Affaires-Business-Toulouse-680x970px-210x300.jpg 210w\" sizes=\"(max-width: 340px) 100vw, 340px\" \/><\/a><figcaption id=\"caption-attachment-133\" class=\"wp-caption-text\">Cliquez sur l\u2019image pour t\u00e9l\u00e9charger le mag\u2019 !<\/figcaption><\/figure>\n<p style=\"text-align: left;\">\u00ab Pour monter une team de comp\u00e8te, c\u2019est tr\u00e8s simple finalement&#8230; Il suffit de choisir les plus barges ! \u00bb<\/p>\n<h3 style=\"text-align: left;\">Braquage \u00e0 la Lyonnaise !<\/h3>\n<p style=\"text-align: left;\">Voiture de sport gar\u00e9e devant le building, moteur qui tourne, mains sur le volant avec les mitaines en cuir \u00e0 la Fangio&#8230; le moindre d\u00e9tail est important et chacun doit savoir clairement ce qu\u2019il a \u00e0 faire. Rolex en or au poignet, d\u00e9rob\u00e9e toute en finesse lors de la derni\u00e8re r\u00e9union de charit\u00e9 du Rotary Club 69, Bastian attend patiemment 9h08. L\u2019heure \u00e0 laquelle l\u2019\u00e9quipe de s\u00e9curit\u00e9 r\u00e9ceptionne discr\u00e8tement le fourgon de la Brinks \u00e0 l\u2019arri\u00e8re du b\u00e2timent.<\/p>\n<p style=\"text-align: left;\">Les mecs seront arm\u00e9s jusqu\u2019aux dents mais tout a \u00e9t\u00e9 pens\u00e9 pour \u00e9viter le carnage. C\u2019est tellement plus po\u00e9tique un hold-up sans aucun coup de feu. Bon malheureusement, on ne peut pas toujours y parvenir et il faut parfois montrer un peu les crocs pour s\u2019assurer de la bonne collaboration du petit personnel, notamment lors du basculement des biftons dans le Kangoo bleu canard immatricul\u00e9 dans l\u2019Is\u00e8re&#8230; Oui \u00e7a c\u2019est l\u2019une des petites techniques subtiles, et diablement efficaces, de notre champion pour passer sans encombres les d\u00e9partementales une fois le magot charg\u00e9. Franchement, qui irait se douter que des liasses se trimballent en masse dans un v\u00e9hicule d\u00e9glingos avec le 38 au cul ?<\/p>\n<p style=\"text-align: left;\">Apr\u00e8s il faut toujours rester m\u00e9fiant, on ne sait jamais. Marcel Patulacci, le brigadier chef de la gendarmerie locale pourrait faire du z\u00e8le alors il est toujours bon de pr\u00e9voir un peu de cash sous la main. Savoir investir au bon moment, c\u2019est essentiel !<\/p>\n<p style=\"text-align: left;\">Pour r\u00e9ussir un coup, le truc primordial reste quand m\u00eame&#8230; la team ! Et \u00e7a, pour recruter les bons \u00e9l\u00e9ments, il faut avoir un flair plut\u00f4t bien aiguis\u00e9. Malins, motiv\u00e9s et un poil roublards, les qualit\u00e9s fondamentales pour int\u00e9grer une telle \u00e9quipe, il faut trouver le top du top des marlous avec suffisamment de trempe et surtout le surplus de niaque n\u00e9cessaire pour jouer de la sulfateuse afin de se faire une place dans le game lyonnais.<\/p>\n<p style=\"text-align: left;\">Pour \u00e7a, notre Bastian international a mis un maximum de chances de son c\u00f4t\u00e9 en \u00e9cumant tous les tripots les plus malfam\u00e9s de la cit\u00e9 des Gones afin de trouver son bonheur. Joueurs de cartes inv\u00e9t\u00e9r\u00e9s, organisatrice de soir\u00e9es clandestines et autres frelateurs nocturnes de spiritueux&#8230; il en faut de l\u2019\u00e9nergie et surtout de bons tuyaux, savamment obtenus en l\u00e2chant tout en agilit\u00e9 quelques images de Benjamin Franklin, pour d\u00e9nicher ce qui se fait de mieux.<\/p>\n<p style=\"text-align: left;\">Maintenant que le plus dur est fait, il ne reste plus \u00e0 Bastian qu\u2019\u00e0 driver toute cette joyeuse bande vers les sommets du braquage de haut vol. Et l\u00e0, les id\u00e9es ne manquent pas. Il suffit juste d\u2019un peu d\u2019imagination et de quelques archives cadastrales de la ville pour d\u00e9tecter de bons plans bien juteux.<\/p>\n<p style=\"text-align: left;\">D\u2019ailleurs, les r\u00e9unions du club \u00e0 Lyon se d\u00e9roulent dans les anciens bureaux de la Banque de France. Oui, oui, c\u2019est \u00e7a&#8230; S\u00fbrement une co\u00efncidence, sans aucun doute ! \ud83d\ude42<\/p>\n<p>&gt;&gt;&gt; <a href=\"https:\/\/grisby.news\/wp-content\/uploads\/2023\/04\/43-GRISBY-Mag-Bastian-Boutolleau-BeBep-Lyon-La-Firme-Reseau-Affaires-Business-Toulouse-Juin22.pdf\" target=\"_blank\" rel=\"noopener noreferrer\">T\u00e9l\u00e9chargez le Grisby Mag&rsquo; n\u00b043 de juin 2022<\/a><\/p>\n","protected":false},"excerpt":{"rendered":"<p>BASTIAN BOUTOLLEAU &#8211; LA FIRME LYON \u00ab Pour monter une team de comp\u00e8te, c\u2019est tr\u00e8s simple finalement&#8230; Il suffit de choisir les plus barges ! \u00bb Braquage \u00e0 la Lyonnaise ! Voiture de sport gar\u00e9e devant le building, moteur qui tourne, mains sur le volant avec les mitaines en cuir \u00e0 la Fangio&#8230; le moindre [&hellip;]<\/p>\n","protected":false},"author":1,"featured_media":0,"parent":36,"menu_order":0,"comment_status":"closed","ping_status":"closed","template":"","meta":[],"_links":{"self":[{"href":"https:\/\/grisby.news\/index.php\/wp-json\/wp\/v2\/pages\/144"}],"collection":[{"href":"https:\/\/grisby.news\/index.php\/wp-json\/wp\/v2\/pages"}],"about":[{"href":"https:\/\/grisby.news\/index.php\/wp-json\/wp\/v2\/types\/page"}],"author":[{"embeddable":true,"href":"https:\/\/grisby.news\/index.php\/wp-json\/wp\/v2\/users\/1"}],"replies":[{"embeddable":true,"href":"https:\/\/grisby.news\/index.php\/wp-json\/wp\/v2\/comments?post=144"}],"version-history":[{"count":6,"href":"https:\/\/grisby.news\/index.php\/wp-json\/wp\/v2\/pages\/144\/revisions"}],"predecessor-version":[{"id":193,"href":"https:\/\/grisby.news\/index.php\/wp-json\/wp\/v2\/pages\/144\/revisions\/193"}],"up":[{"embeddable":true,"href":"https:\/\/grisby.news\/index.php\/wp-json\/wp\/v2\/pages\/36"}],"wp:attachment":[{"href":"https:\/\/grisby.news\/index.php\/wp-json\/wp\/v2\/media?parent=144"}],"curies":[{"name":"wp","href":"https:\/\/api.w.org\/{rel}","templated":true}]}}