{"id":142,"date":"2023-04-04T17:02:53","date_gmt":"2023-04-04T15:02:53","guid":{"rendered":"https:\/\/grisby.news\/?page_id=142"},"modified":"2023-04-05T10:17:44","modified_gmt":"2023-04-05T08:17:44","slug":"grisby-mag-42","status":"publish","type":"page","link":"https:\/\/grisby.news\/index.php\/grisby-mag\/grisby-mag-2022\/grisby-mag-42\/","title":{"rendered":"Grisby Mag #42"},"content":{"rendered":"<h2 style=\"text-align: center;\">BERNARD \u00ab\u00a0Powers\u00a0\u00bb LESERVOISIER<\/h2>\n<figure id=\"attachment_132\" aria-describedby=\"caption-attachment-132\" style=\"width: 340px\" class=\"wp-caption aligncenter\"><a href=\"https:\/\/grisby.news\/wp-content\/uploads\/2023\/04\/42-GRISBY-Mag-Bernard-Powers-La-Firme-Reseau-Affaires-Business-Toulouse-Mai22.pdf\" target=\"_blank\" rel=\"noopener noreferrer\"><img loading=\"lazy\" class=\"wp-image-132\" src=\"https:\/\/grisby.news\/wp-content\/uploads\/2023\/04\/42-Grisby-Mag-Bernard-Leservoisier-La-Firme-Reseau-Affaires-Business-Toulouse-680x970px.jpg\" alt=\"Grisby Mag 42 Magazine Business La Firme R\u00e9seau Affaires Toulouse\" width=\"340\" height=\"485\" srcset=\"https:\/\/grisby.news\/wp-content\/uploads\/2023\/04\/42-Grisby-Mag-Bernard-Leservoisier-La-Firme-Reseau-Affaires-Business-Toulouse-680x970px.jpg 680w, https:\/\/grisby.news\/wp-content\/uploads\/2023\/04\/42-Grisby-Mag-Bernard-Leservoisier-La-Firme-Reseau-Affaires-Business-Toulouse-680x970px-210x300.jpg 210w\" sizes=\"(max-width: 340px) 100vw, 340px\" \/><\/a><figcaption id=\"caption-attachment-132\" class=\"wp-caption-text\">Cliquez sur l\u2019image pour t\u00e9l\u00e9charger le mag\u2019 !<\/figcaption><\/figure>\n<p style=\"text-align: left;\">\u00ab La difficult\u00e9 de la langue fran\u00e7aise en fait aussi sa beaut\u00e9. Certes, mais si je vois du \u00ab \u00e9 \u00bb au lieu de \u00ab er \u00ab, \u00e7a va chauffer pour ta face ! \u00bb<\/p>\n<h3 style=\"text-align: left;\">Passe les mots !<\/h3>\n<p style=\"text-align: left;\">Kommen byin fer montet nautre biz guy du moua dan l\u00e9 tourre ?<\/p>\n<p style=\"text-align: left;\">Facile, en faisant exactement ce que l\u2019on vient de faire : en d\u00e9gainant une belle faute bien d\u00e9gueulasse par mot et en enquillant de scandaleuses erreurs d\u2019orthographe, de grammaire et de conjugaison par paquet de 15. Que chaque mot, chaque ligne pourrisse \u00e0 jamais et de mani\u00e8re d\u00e9finitive la langue fran\u00e7aise et fasse passer Nabilla pour un prix Nobel de litt\u00e9rature. Vous pouvez aussi aller direct au langage sms, techniquement plus proche du morse que de Baudelaire. En tentant de rester optimistes, on peut aussi y voir une forme de retour aux fondamentaux de la communication \u00e9crite&#8230; Il est m\u00eame possible de pousser le carnage au max en salopant les pauvres et mignonnes ponctuations qui n\u2019ont rien demand\u00e9 \u00e0 part juste un minimum de respect. Ou se planter entre une virgule et un point-virgule (la honte), confondre le point d\u2019exclamation avec les 3 points de suspension&#8230; ouille !<\/p>\n<p style=\"text-align: left;\">D\u2019ailleurs, on en parle du g\u00e9nocide des accents circonflexes, des \u00e7 c\u00e9dille et autres \u00ef tr\u00e9ma dont les d\u00e9fenseurs ont du aller jusqu\u2019\u00e0 monter un dossier aupr\u00e8s de l\u2019ONU pour l\u2019envoi d\u2019un r\u00e9giment de casques bleus pour tenter de limiter le d\u00e9sastre ? Et l\u00e0 vous nous dites que l\u2019on exag\u00e8re. Franchement personne ne peut d\u00e9truire l\u2019expression \u00e9crite \u00e0 ce point. H\u00e9 bin, vous seriez surpris parce que l\u2019on est carr\u00e9ment pas si loin de la vraie r\u00e9alit\u00e9 !<\/p>\n<p style=\"text-align: left;\">On veut pas jouer les vieux cons r\u00e9tros n\u00e9s sous Pompidou et \u00e9lev\u00e9s au scolaire \u00e0 la dure par un prof\u2019 qui mettait un p\u2019ti coup de r\u00e8gle bien plac\u00e9 sur le bout des doigts \u00e0 chaque sortie de route, mais on se demande si certains ne seraient pas capables de se vautrer en faisant une simple et \u00e9l\u00e9mentaire ligne de \u00ab\u00a0a \u00bb.<br \/>\nPour ceux qui ont d\u00e9j\u00e0 fait de la formation et corrig\u00e9 des exams, travaux, copies, et autres torchons du genre, il vaut mieux s\u2019\u00e9quiper de lunettes de soleil renforc\u00e9es en titane liquide pour filtrer la violence visuelle que l\u2019accumulation d\u2019agressions orthographiques provoque. Afin d\u2019\u00e9viter la PLS, on vous conseille de faire un d\u00e9tour juste avant par la pharmacie du coin histoire d\u2019avoir en stock quelques boites de Doliprane \u00e0 port\u00e9e de main. \u00c7a peut \u00eatre utile en cas de d\u00e9passement du quota de fautes humainement supportable.<\/p>\n<p style=\"text-align: left;\">Bon ok, on caricature un poil pour s\u2019amuser. Mais si, comme nous, vous croyez encore \u00e0 un monde meilleur et des textes bien \u00e9crits, soyez pleinement rassur\u00e9s ! Car oui, notre Bernard est l\u00e0, tel un chevalier des temps modernes venu de l\u2019\u00e2ge d\u2019or de la Renaisssance. Le Don Quichotte des Arts &amp; surtout des Lettres pour nous aider \u00e0 retrouver le droit chemin.<\/p>\n<p style=\"text-align: left;\">Quel rapport avec la couv\u2019 du magazine avec les 2 bimbos et le flingue ? Ho bin, non mais \u00e7a c\u2019est juste pour \u00eatre plus vendeur. Et surtout pour, de temps en temps, nous motiver \u00e0 ouvrir un Bescherelle \ud83d\ude42<\/p>\n<p>&gt;&gt;&gt; <a href=\"https:\/\/grisby.news\/wp-content\/uploads\/2023\/04\/42-GRISBY-Mag-Bernard-Powers-La-Firme-Reseau-Affaires-Business-Toulouse-Mai22.pdf\" target=\"_blank\" rel=\"noopener noreferrer\">T\u00e9l\u00e9chargez le Grisby Mag&rsquo; n\u00b042 de mai 2022<\/a><\/p>\n","protected":false},"excerpt":{"rendered":"<p>BERNARD \u00ab\u00a0Powers\u00a0\u00bb LESERVOISIER \u00ab La difficult\u00e9 de la langue fran\u00e7aise en fait aussi sa beaut\u00e9. Certes, mais si je vois du \u00ab \u00e9 \u00bb au lieu de \u00ab er \u00ab, \u00e7a va chauffer pour ta face ! \u00bb Passe les mots ! Kommen byin fer montet nautre biz guy du moua dan l\u00e9 tourre ? [&hellip;]<\/p>\n","protected":false},"author":1,"featured_media":0,"parent":36,"menu_order":0,"comment_status":"closed","ping_status":"closed","template":"","meta":[],"_links":{"self":[{"href":"https:\/\/grisby.news\/index.php\/wp-json\/wp\/v2\/pages\/142"}],"collection":[{"href":"https:\/\/grisby.news\/index.php\/wp-json\/wp\/v2\/pages"}],"about":[{"href":"https:\/\/grisby.news\/index.php\/wp-json\/wp\/v2\/types\/page"}],"author":[{"embeddable":true,"href":"https:\/\/grisby.news\/index.php\/wp-json\/wp\/v2\/users\/1"}],"replies":[{"embeddable":true,"href":"https:\/\/grisby.news\/index.php\/wp-json\/wp\/v2\/comments?post=142"}],"version-history":[{"count":5,"href":"https:\/\/grisby.news\/index.php\/wp-json\/wp\/v2\/pages\/142\/revisions"}],"predecessor-version":[{"id":194,"href":"https:\/\/grisby.news\/index.php\/wp-json\/wp\/v2\/pages\/142\/revisions\/194"}],"up":[{"embeddable":true,"href":"https:\/\/grisby.news\/index.php\/wp-json\/wp\/v2\/pages\/36"}],"wp:attachment":[{"href":"https:\/\/grisby.news\/index.php\/wp-json\/wp\/v2\/media?parent=142"}],"curies":[{"name":"wp","href":"https:\/\/api.w.org\/{rel}","templated":true}]}}